at are the prime factors of 57162188?
2, 37, 79, 4889
List the prime factors of 17314571.
2531, 6841
List the prime factors of 1473946119.
3, 31, 241, 7307
List the prime factors of 222632220.
2, 3, 5, 907, 4091
What are the prime factors of 222475775?
5, 8899031
What are the prime factors of 282028284?
2, 3, 373, 7001
What are the prime factors of 668202891?
3, 29, 7680493
What are the prime factors of 611707565?
5, 7, 19, 127, 7243
What are the prime factors of 6332994258?
2, 3, 17, 61, 73, 191
What are the prime factors of 219334970?
2, 5, 83, 401, 659
List the prime factors of 980741198.
2, 29, 47, 97, 3709
List the prime factors of 62011987.
62011987
What are the prime factors of 6462942113?
641, 1399, 7207
What are the prime factors of 1402208523?
3, 31, 1675279
What are the prime factors of 81589221?
3, 7, 41, 10529
What are the prime factors of 144623902?
2, 1801, 40151
What are the prime factors of 1227822028?
2, 19, 71, 139, 1637
What are the prime factors of 247659558?
2, 3, 31, 137, 9719
What are the prime factors of 62545096?
2, 23, 37, 9187
What are the prime factors of 1070353450?
2, 5, 607, 35267
List the prime factors of 482587271.
482587271
List the prime factors of 71768563.
73, 983131
What are the prime factors of 146238955?
5, 233, 125527
List the prime factors of 2463295.
5, 492659
List the prime factors of 689867134.
2, 11, 31357597
What are the prime factors of 122708948?
2, 30677237
List the prime factors of 14587048.
2, 7, 260483
What are the prime factors of 2336398469?
2336398469
What are the prime factors of 890177234?
2, 23, 887, 21817
List the prime factors of 492854511.
3, 23, 7142819
List the prime factors of 523078241.
7, 739, 101117
What are the prime factors of 1511551743?
3, 13, 23, 1685119
List the prime factors of 2451267478.
2, 11, 5081, 21929
What are the prime factors of 62574251?
103, 607517
List the prime factors of 1059572658.
2, 3, 19, 9294497
List the prime factors of 328493572.
2, 11, 7465763
List the prime factors of 41604835.
5, 37, 224891
List the prime factors of 4643868944.
2, 11, 13, 31, 233, 281
List the prime factors of 161523839.
1373, 117643
List the prime factors of 37390839.
3, 523, 23831
What are the prime factors of 25382255?
5, 43, 118057
What are the prime factors of 1303788691?
71, 1321, 13901
What are the prime factors of 545978779?
67, 8148937
List the prime factors of 206075561.
23, 8959807
List the prime factors of 1074782455.
5, 2099, 102409
List the prime factors of 37170854.
2, 7, 2655061
List the prime factors of 76402662.
2, 3, 7, 31, 83, 101
What are the prime factors of 22404252?
2, 3, 13, 143617
What are the prime factors of 63723253?
11, 109, 53147
What are the prime factors of 69783768?
2, 3, 35897
List the prime factors of 33522057.
3, 29, 128437
What are the prime factors of 22084268?
2, 113, 48859
List the prime factors of 1157887521.
3, 7, 311, 19699
List the prime factors of 722205276.
2, 3, 13, 19, 18743
What are the prime factors of 284214350?
2, 5, 7, 19, 79, 541
List the prime factors of 2385948993.
3, 67, 11870393
What are the prime factors of 51637423?
53, 191, 5101
List the prime factors of 116537842.
2, 58268921
What are the prime factors of 639768700?
2, 5, 31, 47, 4391
List the prime factors of 62559711.
3, 17, 37, 43, 257
List the prime factors of 526751153.
53, 9938701
List the prime factors of 479425992.
2, 3, 97, 101, 2039
What are the prime factors of 61951974?
2, 3, 7, 30103
List the prime factors of 553918280.
2, 5, 13847957
List the prime factors of 74307862.
2, 107, 347233
What are the prime factors of 816272700?
2, 3, 5, 313, 8693
What are the prime factors of 208761493?
19, 10987447
What are the prime factors of 140294088?
2, 3, 11, 307, 577
What are the prime factors of 79191534?
2, 3, 3623, 3643
What are the prime factors of 15190295?
5, 41, 74099
List the prime factors of 5614537356.
2, 3, 61, 94693
List the prime factors of 35312153.
23, 1535311
What are the prime factors of 97599997?
11, 31, 79, 3623
What are the prime factors of 48747392?
2, 380839
What are the prime factors of 1980581248?
2, 15473291
What are the prime factors of 214352796?
2, 3, 7, 17, 150107
What are the prime factors of 75740132?
2, 13, 1456541
What are the prime factors of 18709079?
41, 487, 937
List the prime factors of 2154340668.
2, 3, 73, 2459293
What are the prime factors of 383130267?
3, 13, 755681
What are the prime factors of 1254385585?
5, 47, 5337811
List the prime factors of 284317300.
2, 5, 317, 8969
List the prime factors of 168391082.
2, 211, 399031
What are the prime factors of 923375024?
2, 11, 13, 443, 911
List the prime factors of 505084282.
2, 953, 264997
List the prime factors of 205906605.
3, 5, 13727107
What are the prime factors of 5551448?
2, 7, 99133
List the prime factors of 2467020127.
11, 13, 17, 1014817
What are the prime factors of 316298879?
13, 1871591
List the prime factors of 8136002.
2, 7, 581143
List the prime factors of 3265963067.
19, 171892793
What are the prime factors of 182855415?
3, 5, 12190361
List the prime factors of 131542317.
3, 14615813
List the prime factors of 801374379.
3, 13, 37, 83, 6691
List the prime factors of 4009242952.
2, 11, 13, 1319, 2657
List the prime factors of 1547641931.
11, 140694721
What are the prime factors of 38939184?
2, 3, 23, 3919
List the prime factors of 4458747761.
13, 342980597
List the prime factors of 5942944790.
2, 5, 1297, 458207
What are the prime factors of 26158204?
2, 6539551
What are the prime factors of 456365543?
456365543
List the prime factors of 2415493216.
2, 31, 349, 6977
What are the prime factors of 313709438?
2, 7, 53, 422789
What are the prime factors of 86807584?
2, 137, 19801
List the prime factors of 18002076.
2, 3, 61, 24593
What are the prime factors of 3238763228?
2, 17, 59, 269, 3001
List the prime factors of 82453185.
3, 5, 1832293
What are the prime factors of 560965005?
3, 5, 367, 33967
What are the prime factors of 435259122?
2, 3, 72543187
What are the prime factors of 116939710?
2, 5, 1973, 5927
What are the prime factors of 1034341673?
139, 383, 19429
List the prime factors of 311999241.
3, 83, 593, 2113
List the prime factors of 742249216.
2, 1601, 1811
List the prime factors of 41889456.
2, 3, 7, 29, 1433
List the prime factors of 5654862.
2, 3, 314159
List the prime factors of 342878363.
342878363
List the prime factors of 352702692.
2, 3, 9797297
List the prime factors of 900096205.
5, 73, 743, 3319
What are the prime factors of 473425664?
2, 1849319
What are the prime factors of 6179066552?
2, 772383319
List the prime factors of 1831809768.
2, 3, 76325407
What are the prime factors of 716265985?
5, 143253197
What are the prime factors of 40665309?
3, 17, 797359
What are the prime factors of 788539088?
2, 53, 929881
What are the prime factors of 7970355617?
7, 5279, 215689
List the prime factors of 11315629.
13, 870433
What are the prime factors of 559273086?
2, 3, 347, 9949
What are the prime factors of 1766848331?
1901, 929431
What are the prime factors of 701802571?
761, 922211
List the prime factors of 132275688.
2, 3, 67, 82261
What are the prime factors of 26202738?
2, 3, 43, 101561
What are the prime factors of 242933362?
2, 7, 251, 257, 269
What are the prime factors of 192373554?
2, 3, 32062259
List the prime factors of 423746298.
2, 3, 2273, 10357
List the prime factors of 627525824.
2, 9805091
List the prime factors of 800964881.
800964881
What are the prime factors of 2590633900?
2, 5, 43, 14011
What are the prime factors of 469051826?
2, 43, 461, 11831
What are the prime factors of 176673690?
2, 3, 5, 17, 61, 631
List the prime factors of 666248808.
2, 3, 73, 163, 2333
List the prime factors of 754468830.
2, 3, 5, 310481
What are the prime factors of 2369418567?
3, 31, 47, 547, 991
What are the prime factors of 90629827?
79, 1147213
What are the prime factors of 173862121?
97, 199, 9007
What are the prime factors of 1548191945?
5, 83, 3730583
List the prime factors of 601468949.
79, 2377, 3203
What are the prime factors of 4813217425?
5, 192528697
What are the prime factors of 3897975413?
43, 311, 291481
What are the prime factors of 3074994507?
3, 13, 78846013
List the prime factors of 350372916.
2, 3, 59, 293, 563
List the prime